37 + 573, -2*c - 4*h = -1584. What is the hundreds digit of c?
7
Suppose 0 = 6*u + 1534 - 4588. What is the hundreds digit of u?
5
Let h = -43 + 45. Suppose 4*j + 3*p = 16, -6 = j - 3*j - h*p. What is the units digit of j?
7
Let o(i) = i**2 + 5*i + 5. Let u be o(-2). What is the units digit of (u/(1/50))/(0 + -1)?
0
Let m(o) = 688*o**2 - 3*o - 1. What is the hundreds digit of m(-1)?
6
Suppose 3*u = -15, 2*q + 2*u = -3*q + 6090. What is the hundreds digit of q?
2
Let b(l) = l**2 - 17. Let h be b(7). Let r = h - 19. Suppose 8*k + 45 = r*k. What is the units digit of k?
9
Let q(v) = -v**2 - v - 37. Let y be q(0). What is the units digit of y/2*(1 - 3)?
7
Let l be (-11)/(-3) + (-4)/6. Let t = 181 + -159. Suppose l*n = -k + t + 105, 3*k + 6 = 0. What is the tens digit of n?
4
Suppose -m = -2*s + 3*s + 394, 3*m = -4*s - 1575. Let q = -263 - s. What is the hundreds digit of q?
1
Suppose 2*j + 18 = 2*q, 2*q + 2 + 36 = -2*j. Let g = -18 - j. What is the tens digit of 10/20 - 102/g?
2
Let s = -108 - -113. Suppose s*k = 121 + 204. What is the tens digit of k?
6
Let a(w) = -w**2 + 20*w - 1. Let b be a(21). Let v = b + 36. What is the units digit of v?
4
What is the units digit of (-4)/8 - 2/(20/(-48005))?
0
Suppose 2*y - 6 = 4*h, 0*y = -h - y + 3. Suppose -11*s + 8*s + 321 = h. What is the tens digit of s?
0
Let s(m) = -15*m + 119. What is the units digit of s(-6)?
9
Suppose -k = -b - 7, -3*b = 7*k - 4*k - 15. Suppose 4*i - 356 = -5*v, 7*v - k*v = -i + 90. What is the units digit of i?
4
Let q(h) = 180*h + 13. Let n be q(5). What is the units digit of (-4)/6 - n/(-33)?
7
Let x = 325 - 201. Let k = 280 + -156. Suppose -k = -2*f - 2*l, 3*f - 2*l = f + x. What is the units digit of f?
2
Suppose -13 = d - 5*b, -24 = -2*d - 5*b - 5. Suppose -5*t = -4*t - d. Suppose -t*h - 18 = -100. What is the units digit of h?
1
Suppose 1300 = 5*q - 575. What is the tens digit of q?
7
Let j(a) = a + 10. Let x be j(-7). Suppose -3*g = -2*c - 17, -21 = -4*g + 3*c - 0*c. What is the tens digit of x/g - (-267)/9?
3
Let z(j) = 5*j**2 - j. Suppose -3*s = -4*s + 1. Let a be z(s). Suppose 0 = a*p, -4*w + 74 = 2*p - 18. What is the tens digit of w?
2
Let x(u) = 3*u - 39. Let c(a) = 3*a - 40. Let h(q) = -6*c(q) + 5*x(q). Suppose 4*p = p. What is the units digit of h(p)?
5
Suppose 4198 = 6*d - 1142. What is the units digit of d?
0
Let p = 63 - 63. Suppose 4*x - 162 - 342 = p. What is the hundreds digit of x?
1
Suppose g - 5*y - 883 = 0, -7*g = -11*g - 2*y + 3422. What is the tens digit of g?
5
Let f(z) be the first derivative of 3*z**2/2 - 7*z + 1. Let q be f(4). Suppose 3*k - k + 156 = 5*m, 0 = q*m - 5*k - 165. What is the units digit of m?
0
Let p(q) = q**3 + 9*q**2 + 8*q + 7. Suppose o - 10 - 21 = 3*u, 75 = 5*o + 5*u. Let s = o - 24. What is the tens digit of p(s)?
6
Let i be (-2)/(-4) + 23/2. Suppose 5*d + 3*f = -i, -10 - 6 = d + 4*f. Suppose d = 5*v + 3*r - 224, 0 = 5*v - 3*r + 5*r - 226. What is the units digit of v?
6
Let k be 3/(-15) + (-486)/(-30). Suppose -2*z + 19 = -27. Let a = z - k. What is the units digit of a?
7
Let u be ((-73)/(-7) - -5)/((-1)/(-7)). Let s = u - -23. What is the hundreds digit of s?
1
Let k = 28 + 85. Let g = -55 + k. What is the tens digit of g?
5
Suppose d + 61 = 64. Suppose -2*z = 4*i - 32 - 48, i + 148 = d*z. What is the tens digit of z?
4
Let h(k) = 4*k**2 - 6 - 10*k + 8 + 4. What is the tens digit of h(4)?
3
Let m(q) = q**2 - 25*q - 231. What is the hundreds digit of m(-26)?
0
Let l be (23 + -1 + 2)/(0 - 1). Suppose -x + 16 = -2*x - 3*m, 3*x - 3*m + 24 = 0. What is the units digit of x*(l/(-10))/(-1)?
4
Let p(q) = q**2 + q. Let y(v) = -3*v**2 - 17*v + 3. Let d(o) = 2*p(o) + y(o). What is the units digit of d(-13)?
9
Suppose 2*v = 3*v - 2. Let u(r) be the second derivative of r**4/2 + r**3/6 - 3*r**2/2 - 5*r. What is the tens digit of u(v)?
2
Suppose k - 66 = -5. Let y = k - 3. What is the units digit of y?
8
Let m(o) = 4*o - 6*o + 3 - 11*o. Let x(g) = -14*g + 4. Let r(k) = 5*m(k) - 4*x(k). What is the tens digit of r(-2)?
1
Suppose 0 = -4*q + 5*q. Suppose 1200 = 7*t - 2*t. Suppose q = 7*d - 12*d + t. What is the units digit of d?
8
Suppose 105*q - 101*q + 48 = 0. Let f(i) = -4*i + 19. What is the units digit of f(q)?
7
Let r(g) = -6*g + 62. Let n be r(14). Let u = 154 - n. What is the units digit of u?
6
Suppose 4*h = 21 + 7. Let j(q) = -q**3 + 8*q**2 + q - 7. What is the tens digit of j(h)?
4
Suppose 3 = k - 19. Suppose 20*j + 290 = k*j. What is the tens digit of j?
4
Let t = 4 + 19. Let d = 25 - t. Suppose -22 = -5*s - d. What is the units digit of s?
4
Suppose -4*z = z - 15. Suppose -3*o + z = -3. Suppose -y = w + y - 39, -4*y = -o*w + 86. What is the tens digit of w?
4
Let y = -1473 - -1750. What is the units digit of y?
7
Let s = -2652 - -4655. What is the tens digit of s?
0
Suppose 5*d - 32 = 3*q - 5, -4*d = 5*q + 8. Suppose 232 = d*g - g. Suppose 2*y + 3*p = 60, 3*y - 5*p - g = 12. What is the tens digit of y?
3
Let z = -221 + 583. What is the tens digit of z?
6
What is the hundreds digit of (-12 - (-24)/(-3))*152/(-10)?
3
Let x(c) = 11*c**2 + 5*c + 4. Let o be x(-5). Suppose 0 = -3*p + 85 + o. What is the units digit of p?
3
Suppose g + 8 = 3*g + v, 3*v + 4 = g. Suppose -88 = g*w - 6*w. What is the units digit of w?
4
Suppose 6*g + 324 = 96. Let t = 72 + g. What is the tens digit of (-344)/(-34) - 4/t?
1
What is the units digit of (231/42)/(2/180)?
5
What is the hundreds digit of (288 - 31111)*2/(-13)?
7
Suppose -5*i + 4*i + 102 = 0. Suppose u - 4*u + 436 = 4*o, o - i = u. Suppose -x = 5*p - 115, 3*p + 2*x + o = 7*p. What is the units digit of p?
4
Let q = -507 + 878. What is the units digit of q?
1
Suppose -2368 = -w + 1898. What is the thousands digit of w?
4
Let b(h) = 1. Let o(r) = r. Let n(c) = -b(c) + 4*o(c). Suppose -3*g + 22 = -4*s, s + 1 + 3 = 0. What is the units digit of n(g)?
7
Let d = -109 + 100. Let y(r) = -14*r - 66. What is the units digit of y(d)?
0
Suppose 5*o - 25 = -2*m + 14, 5*o - m = 33. Let l be 34/1*(-14)/o. Let w = -47 - l. What is the tens digit of w?
2
Let q(j) = j**3 - 20*j**2 + j - 20. Let m be q(20). Suppose -59 - 93 = -4*p. Suppose m = 2*h - p - 14. What is the tens digit of h?
2
Let r(z) = 4*z - 5. Let v be r(2). Suppose -v*c = 2*c - 25. Suppose -5*a + 205 - 14 = 2*y, -c*y = -15. What is the units digit of a?
7
Suppose -h + 21 = -0*h. Let d be (14/h)/(4/210). What is the tens digit of 365/d + (-6)/14?
1
Suppose 0 = 4*u + 4, -2*k + 5*u = -7 - 10. Suppose -k*p + 34 = 10. What is the units digit of p?
4
Let b be 2 + (0 - -2) - -1. Suppose 3*o + w = 216 + 126, -4*o = b*w - 456. What is the tens digit of o?
1
Suppose -3*f + 5*m + 1409 = 0, -2*m + 3*m = 2*f - 951. What is the units digit of (-2)/(-8) + f/8?
0
Let f(u) = 4*u**2 + 3*u**2 - 3*u + 6*u + 4 - 6*u**2. What is the units digit of f(-9)?
8
Suppose v = 3*g - 511, -848 = 3*g - 8*g - 2*v. Let f = g + -78. Suppose -k - 3*k = -3*a + f, a - 4*k - 28 = 0. What is the units digit of a?
2
Suppose -9*x + 1372 = -482. Suppose 78 = 2*l - x. What is the hundreds digit of l?
1
Suppose 0 = 31*w - 82679 - 50807. What is the tens digit of w?
0
Let u(v) = 0 - 4 + 5 - v + v**2 + 11*v**3. Let o be u(1). Suppose 0*k - 5*n + 18 = 3*k, -2*k = -5*n - o. What is the units digit of k?
6
Let t be ((11/(-4))/(-1))/((-2)/(-40)). Let r = t - -194. What is the units digit of r?
9
Let i be (22/(-2))/(12/48). Let y = 71 + i. What is the tens digit of y?
2
Let q = -25 + 3. Let t = q - -5. Let w = -16 - t. What is the units digit of w?
1
Let l = 20 - -65. Let s = 61 + -59. Suppose -5*o = s*z - l, -4*o + 3*z + 68 = z. What is the tens digit of o?
1
Let s = -93 - -359. Suppose -s - 578 = -4*r. What is the hundreds digit of r?
2
Let t(y) be the second derivative of 7*y**5/20 - y**4/12 + y**3/6 - 2*y**2 - 3*y. What is the tens digit of t(2)?
5
Let u(n) = -72*n + 280. What is the units digit of u(-8)?
6
Suppose -k = -6*k + 30. Suppose k + 0 = 3*d. Suppose q - 32 = -a, 92 = d*a + a + 2*q. What is the units digit of a?
8
Suppose 5*v = -2*u + 7550, 4*v + 2*u = 3*u + 6053. What is the units digit of v?
2
Let b(i) = 112*i - 99. What is the units digit of b(14)?
9
Suppose 5*x - 28 = x. Suppose -4*j - x + 27 = 0. What is the units digit of j?
5
Let d(o) = 6 - 4 + 3 + o + 3. Let j = 1 - 1. What is 